{"id":217,"date":"2024-11-05T09:40:32","date_gmt":"2024-11-05T08:40:32","guid":{"rendered":"http:\/\/hei.fede.education\/home\/"},"modified":"2025-10-16T16:48:19","modified_gmt":"2025-10-16T14:48:19","slug":"label","status":"publish","type":"page","link":"https:\/\/humanrights.fede.education\/en\/label\/","title":{"rendered":"CIVIC HEI label"},"content":{"rendered":"<div class=\"wp-block-uagb-container uagb-block-07933978 alignfull uagb-is-root-container\"><div class=\"uagb-container-inner-blocks-wrap\">\n<div data-aos= \"fade\" data-aos-duration=\"400\" data-aos-delay=\"0\" data-aos-easing=\"ease\" data-aos-once=\"true\" class=\"wp-block-uagb-info-box uagb-block-425cc6b4 uagb-infobox__content-wrap  uagb-infobox-icon-above-title uagb-infobox-image-valign-top wp-block-uagb-info-box--has-margin\"><div class=\"uagb-infobox-margin-wrapper\"><div class=\"uagb-ifb-content\"><div class=\"uagb-ifb-image-content\"><img decoding=\"async\" src=\"http:\/\/humanrights.fede.education\/wp-content\/uploads\/2024\/11\/cropped-blanc.png\" alt=\"\" width=\"138\" height=\"140\" loading=\"lazy\"\/><\/div><div class=\"uagb-ifb-title-wrap\"><h2 class=\"uagb-ifb-title-prefix\">The label<\/h2><h1 class=\"uagb-ifb-title\"><strong>CIVIC HEI&nbsp;<\/strong><\/h1><\/div><p class=\"uagb-ifb-desc\">The \"Civic HEI\" label is an annual award given to FEDE member institutions that actively integrate human rights into their programmes to promote students' civic engagement.<\/p><\/div><\/div><\/div>\n<\/div><\/div>\n\n\n\n<div class=\"wp-block-uagb-container uagb-layout-grid uagb-block-71f7405a alignfull uagb-is-root-container\"><div class=\"uagb-container-inner-blocks-wrap\">\n<div class=\"wp-block-uagb-advanced-heading uagb-block-e669451d\"><h2 class=\"uagb-heading-text\"><img loading=\"lazy\" decoding=\"async\" width=\"1000\" height=\"327\" class=\"wp-image-1812\" style=\"width: 1000px;\" src=\"http:\/\/hei.fede.education\/wp-content\/uploads\/2024\/11\/LOGOHEI-2025-28-FEDE2\u00b028.jpg\" alt=\"\" srcset=\"https:\/\/humanrights.fede.education\/wp-content\/uploads\/2024\/11\/LOGOHEI-2025-28-FEDE2\u00b028.jpg 2421w, https:\/\/humanrights.fede.education\/wp-content\/uploads\/2024\/11\/LOGOHEI-2025-28-FEDE2\u00b028-300x98.jpg 300w, https:\/\/humanrights.fede.education\/wp-content\/uploads\/2024\/11\/LOGOHEI-2025-28-FEDE2\u00b028-1024x335.jpg 1024w, https:\/\/humanrights.fede.education\/wp-content\/uploads\/2024\/11\/LOGOHEI-2025-28-FEDE2\u00b028-768x251.jpg 768w, https:\/\/humanrights.fede.education\/wp-content\/uploads\/2024\/11\/LOGOHEI-2025-28-FEDE2\u00b028-1536x502.jpg 1536w, https:\/\/humanrights.fede.education\/wp-content\/uploads\/2024\/11\/LOGOHEI-2025-28-FEDE2\u00b028-2048x669.jpg 2048w\" sizes=\"auto, (max-width: 1000px) 100vw, 1000px\" \/><\/h2><\/div>\n\n\n\n<div class=\"wp-block-uagb-info-box uagb-block-0e5f7db4 uagb-infobox__content-wrap  uagb-infobox-icon-above-title uagb-infobox-image-valign-top\"><div class=\"uagb-ifb-content\"><div class=\"uagb-ifb-title-wrap\"><\/div><p class=\"uagb-ifb-desc\"><br><strong>A true distinction<\/strong><br><br>The \"Civic HEI\" label is an annual recognition awarded to institutions within the FEDE network that are actively committed to promoting human rights through their educational programmes. This label seeks to acknowledge and encourage schools that incorporate the Human Rights Prize into one or more courses, dedicating specific hours to fostering a culture of engagement among their students.&nbsp;<\/p><div class=\"uagb-ifb-button-wrapper wp-block-button\"><a href=\"#\" target=\"_self\" onclick=\"return false;\" class=\"uagb-infobox-cta-link\" rel=\"noopener noreferrer\"><span class=\"uagb-inline-editing\"><\/span><\/a><\/div><\/div><\/div>\n<\/div><\/div>\n\n\n\n<div class=\"wp-block-cover aligncenter is-light wp-duotone-unset-1\" style=\"min-height:448px;aspect-ratio:unset;\"><span aria-hidden=\"true\" class=\"wp-block-cover__background has-background-dim-0 has-background-dim\" style=\"background-color:#FFF\"><\/span><video class=\"wp-block-cover__video-background intrinsic-ignore\" autoplay muted loop playsinline src=\"http:\/\/humanrights.fede.education\/wp-content\/uploads\/2024\/11\/Main.mp4\" style=\"object-position:50% 50%\" data-object-fit=\"cover\" data-object-position=\"50% 50%\"><\/video><div class=\"wp-block-cover__inner-container is-layout-constrained wp-block-cover-is-layout-constrained\">\n<p class=\"has-text-align-center has-small-font-size\"><\/p>\n<\/div><\/div>\n\n\n\n<div style=\"height:100px\" aria-hidden=\"true\" class=\"wp-block-spacer\"><\/div>\n\n\n\n<div class=\"wp-block-columns has-ast-global-color-4-background-color has-background is-layout-flex wp-container-core-columns-is-layout-754ab64c wp-block-columns-is-layout-flex\" style=\"padding-top:0;padding-right:115px;padding-bottom:0;padding-left:115px\">\n<div class=\"wp-block-column is-layout-flow wp-block-column-is-layout-flow\">\n<p><strong>Objectives of the label:&nbsp;<\/strong><\/p>\n\n\n\n<ul class=\"wp-block-list\">\n<li class=\"translation-block\"><strong>Strengthen institutions\u2019 investment in promoting human rights<\/strong> through their educational programs.<\/li>\n\n\n\n<li class=\"translation-block\"><strong>Foster a culture of engagement<\/strong> rooted in the value of otherness by raising awareness of human rights.<\/li>\n\n\n\n<li class=\"translation-block\"><strong>Highlight and reward institutions' initiatives<\/strong> actively defending and promoting human rights.<\/li>\n<\/ul>\n<\/div>\n\n\n\n<div class=\"wp-block-column is-layout-flow wp-block-column-is-layout-flow\">\n<p><strong>Eligibility criteria:&nbsp;<\/strong><\/p>\n\n\n\n<ul class=\"wp-block-list\">\n<li class=\"translation-block\">The institution must <strong>be a member of the FEDE network<\/strong><\/li>\n\n\n\n<li class=\"translation-block\">Students must be <strong>enrolled in at least one FEDE programme<\/strong> (degree, ECC module, language certificate, etc.)<\/li>\n<\/ul>\n<\/div>\n<\/div>\n\n\n\n<div class=\"wp-block-columns has-ast-global-color-4-background-color has-background is-layout-flex wp-container-core-columns-is-layout-754ab64c wp-block-columns-is-layout-flex\" style=\"padding-top:0;padding-right:115px;padding-bottom:0;padding-left:115px\">\n<div class=\"wp-block-column is-layout-flow wp-block-column-is-layout-flow\"><\/div>\n<\/div>\n\n\n\n<div style=\"height:141px\" aria-hidden=\"true\" class=\"wp-block-spacer\"><\/div>","protected":false},"excerpt":{"rendered":"<p>Objectifs du label :&nbsp; Crit\u00e8res d&rsquo;\u00e9ligibilit\u00e9 :&nbsp;<\/p>","protected":false},"author":3,"featured_media":1812,"parent":0,"menu_order":0,"comment_status":"closed","ping_status":"closed","template":"","meta":{"_uag_custom_page_level_css":"","site-sidebar-layout":"no-sidebar","site-content-layout":"plain-container","ast-site-content-layout":"full-width-container","site-content-style":"unboxed","site-sidebar-style":"unboxed","ast-global-header-display":"","ast-banner-title-visibility":"","ast-main-header-display":"","ast-hfb-above-header-display":"","ast-hfb-below-header-display":"","ast-hfb-mobile-header-display":"","site-post-title":"disabled","ast-breadcrumbs-content":"","ast-featured-img":"disabled","footer-sml-layout":"","ast-disable-related-posts":"","theme-transparent-header-meta":"enabled","adv-header-id-meta":"","stick-header-meta":"","header-above-stick-meta":"","header-main-stick-meta":"","header-below-stick-meta":"","astra-migrate-meta-layouts":"set","ast-page-background-enabled":"default","ast-page-background-meta":{"desktop":{"background-color":"","background-image":"","background-repeat":"repeat","background-position":"center center","background-size":"auto","background-attachment":"scroll","background-type":"","background-media":"","overlay-type":"","overlay-color":"","overlay-opacity":"","overlay-gradient":""},"tablet":{"background-color":"","background-image":"","background-repeat":"repeat","background-position":"center center","background-size":"auto","background-attachment":"scroll","background-type":"","background-media":"","overlay-type":"","overlay-color":"","overlay-opacity":"","overlay-gradient":""},"mobile":{"background-color":"","background-image":"","background-repeat":"repeat","background-position":"center center","background-size":"auto","background-attachment":"scroll","background-type":"","background-media":"","overlay-type":"","overlay-color":"","overlay-opacity":"","overlay-gradient":""}},"ast-content-background-meta":{"desktop":{"background-color":"var(--ast-global-color-5)","background-image":"","background-repeat":"repeat","background-position":"center center","background-size":"auto","background-attachment":"scroll","background-type":"","background-media":"","overlay-type":"","overlay-color":"","overlay-opacity":"","overlay-gradient":""},"tablet":{"background-color":"var(--ast-global-color-5)","background-image":"","background-repeat":"repeat","background-position":"center center","background-size":"auto","background-attachment":"scroll","background-type":"","background-media":"","overlay-type":"","overlay-color":"","overlay-opacity":"","overlay-gradient":""},"mobile":{"background-color":"var(--ast-global-color-5)","background-image":"","background-repeat":"repeat","background-position":"center center","background-size":"auto","background-attachment":"scroll","background-type":"","background-media":"","overlay-type":"","overlay-color":"","overlay-opacity":"","overlay-gradient":""}},"footnotes":""},"class_list":["post-217","page","type-page","status-publish","has-post-thumbnail","hentry"],"uagb_featured_image_src":{"full":["https:\/\/humanrights.fede.education\/wp-content\/uploads\/2024\/11\/LOGOHEI-2025-28-FEDE2\u00b028.jpg",2421,791,false],"thumbnail":["https:\/\/humanrights.fede.education\/wp-content\/uploads\/2024\/11\/LOGOHEI-2025-28-FEDE2\u00b028-150x150.jpg",150,150,true],"medium":["https:\/\/humanrights.fede.education\/wp-content\/uploads\/2024\/11\/LOGOHEI-2025-28-FEDE2\u00b028-300x98.jpg",300,98,true],"medium_large":["https:\/\/humanrights.fede.education\/wp-content\/uploads\/2024\/11\/LOGOHEI-2025-28-FEDE2\u00b028-768x251.jpg",768,251,true],"large":["https:\/\/humanrights.fede.education\/wp-content\/uploads\/2024\/11\/LOGOHEI-2025-28-FEDE2\u00b028-1024x335.jpg",1024,335,true],"1536x1536":["https:\/\/humanrights.fede.education\/wp-content\/uploads\/2024\/11\/LOGOHEI-2025-28-FEDE2\u00b028-1536x502.jpg",1536,502,true],"2048x2048":["https:\/\/humanrights.fede.education\/wp-content\/uploads\/2024\/11\/LOGOHEI-2025-28-FEDE2\u00b028-2048x669.jpg",2048,669,true],"trp-custom-language-flag":["https:\/\/humanrights.fede.education\/wp-content\/uploads\/2024\/11\/LOGOHEI-2025-28-FEDE2\u00b028.jpg",18,6,false]},"uagb_author_info":{"display_name":"Trang BUI","author_link":"https:\/\/humanrights.fede.education\/en\/author\/tbui\/"},"uagb_comment_info":0,"uagb_excerpt":"Objectifs du label :&nbsp; Crit\u00e8res d&rsquo;\u00e9ligibilit\u00e9 :&nbsp;","_links":{"self":[{"href":"https:\/\/humanrights.fede.education\/en\/wp-json\/wp\/v2\/pages\/217","targetHints":{"allow":["GET"]}}],"collection":[{"href":"https:\/\/humanrights.fede.education\/en\/wp-json\/wp\/v2\/pages"}],"about":[{"href":"https:\/\/humanrights.fede.education\/en\/wp-json\/wp\/v2\/types\/page"}],"author":[{"embeddable":true,"href":"https:\/\/humanrights.fede.education\/en\/wp-json\/wp\/v2\/users\/3"}],"replies":[{"embeddable":true,"href":"https:\/\/humanrights.fede.education\/en\/wp-json\/wp\/v2\/comments?post=217"}],"version-history":[{"count":53,"href":"https:\/\/humanrights.fede.education\/en\/wp-json\/wp\/v2\/pages\/217\/revisions"}],"predecessor-version":[{"id":2429,"href":"https:\/\/humanrights.fede.education\/en\/wp-json\/wp\/v2\/pages\/217\/revisions\/2429"}],"wp:featuredmedia":[{"embeddable":true,"href":"https:\/\/humanrights.fede.education\/en\/wp-json\/wp\/v2\/media\/1812"}],"wp:attachment":[{"href":"https:\/\/humanrights.fede.education\/en\/wp-json\/wp\/v2\/media?parent=217"}],"curies":[{"name":"wp","href":"https:\/\/api.w.org\/{rel}","templated":true}]}}

<p>Objectifs du label :&nbsp; Critères d&rsquo;éligibilité :&nbsp;</p>

Objectifs du label :&nbsp; Critères d&rsquo;éligibilité :&nbsp;
